the highest common divisor of 242 and a.
22
Suppose y - 3*t - 60 = -0*y, -5*t = -y + 62. Let h be ((-4)/(-10))/((-12)/(-1140)). Calculate the greatest common divisor of y and h.
19
Let q be (16/10)/((-7)/(-280)). What is the greatest common divisor of q and 160?
32
Let g(y) = 2*y**3 - 3*y**2 + 3*y - 1. Let r be 13/5 - 2/(-5). Let n be g(r). What is the highest common factor of 14 and n?
7
Suppose -141 = -5*y + 2*l, -3*y = l - 5 - 84. What is the greatest common factor of y and 203?
29
Let y = -33 + 3. Let c = y - -70. What is the highest common divisor of 5 and c?
5
Let r be (-1099)/(-56) - (-6)/16. Calculate the highest common factor of r and 20.
20
Let w be -4*(2 - (-1 + -1)). Let b be 2/(2/w*-2). What is the greatest common factor of b and 16?
8
Suppose -25 - 27 = 2*x. Let o = x + 50. What is the greatest common factor of 3 and o?
3
Let a be ((-5)/(-15) + 3)*9. What is the highest common factor of a and 18?
6
Let p be (22/3)/(2/(-3)). Let l = 80 - 5. Let t = p + l. Calculate the highest common factor of t and 8.
8
Let p(m) = 4*m**2 + m + 1. Let a be p(3). Suppose 0 = -5*q + 503 - 153. Suppose -n = -q - 30. What is the greatest common divisor of n and a?
20
Suppose 6*h = -2*l + 4*h + 550, 556 = 2*l + 4*h. Calculate the greatest common divisor of 34 and l.
34
Suppose 5*d + 3*n - 28 = 0, 3*d + 4*n = -d + 16. Let k = 113 - 49. Calculate the highest common factor of k and d.
8
Suppose -3*r + 80 = -4*v, -v - 6 = 2*v. Let c(h) = -h**3 - 5*h**2 - h - 2. Let y be c(-5). What is the greatest common divisor of y and r?
3
Suppose 143 = 4*q + m - 6*m, 0 = -m + 5. Calculate the highest common divisor of q and 336.
42
Suppose 0 = x + 2*l - 74, 2*x - 158 = -l - l. Calculate the greatest common factor of 12 and x.
12
Let r = 126 - 86. What is the highest common divisor of 140 and r?
20
Let d(z) = z**2 - 9*z. Let q be d(10). Calculate the greatest common factor of 50 and q.
10
Let i be 1410/8 - 2/8. Let z(h) = -h**2 - 5*h - 3. Let j be z(-4). Let v be (-15)/(-1) + (2 - j). What is the greatest common divisor of i and v?
16
Let m be (61 + 0)*2/1. Suppose -5*l + m - 32 = 0. Suppose 4*j - 11 + 3 = 0. What is the highest common factor of l and j?
2
Let i be ((-6)/8)/((-3)/60). Suppose 3*f - 11 = 1. Suppose -5*p + 10 = -f*t, -3*p = -5*p - t + 17. What is the highest common divisor of i and p?
3
Let v(t) = 9*t + 24. Let q be v(4). Calculate the highest common factor of 12 and q.
12
Suppose 10*u = 3*u + 140. What is the highest common divisor of 8 and u?
4
Suppose 3*d - 3*r - 33 = 0, 45 = 5*d - r - 18. What is the highest common divisor of d and 13?
13
Let w(c) = -c**2 + 14*c - 9. Let z be w(13). Let o = 11 - 2. Suppose o = -z*x + 5*x. Calculate the greatest common divisor of 6 and x.
3
Suppose 3*w - 5*b - 29 = 0, 2*w - 44 = -3*w + 4*b. Calculate the greatest common factor of w and 56.
8
Suppose -3*m - 34 + 199 = 0. Suppose -o = 4*l - 46, -l + o + 10 = 1. What is the greatest common divisor of m and l?
11
Let j(l) = -6*l**3 - l**2 + l + 1. Let a be j(-1). Suppose 6*g - g = a*w + 10, 5*w + 6 = 4*g. Let q = 4 + w. What is the highest common factor of 2 and q?
2
Let d = -10 + 19. Suppose d = -2*x + 81. Calculate the highest common divisor of x and 90.
18
Suppose -5*u + 41 - 1 = 0. What is the highest common factor of u and 8?
8
Suppose 0 = 2*a - 3*s - 311, 0 = 5*a - s - 4*s - 775. Calculate the greatest common divisor of a and 14.
14
Let z = 200 - 119. Calculate the highest common factor of 27 and z.
27
Let f(o) = 2*o**2 + 6*o + 3. Let i be f(-5). What is the greatest common divisor of i and 115?
23
Let i = 205 + -150. What is the greatest common factor of 55 and i?
55
Let y(l) = 15*l**3 - l**2 + 2*l. Let b be y(1). Calculate the highest common divisor of 1 and b.
1
Let g = 174 + -168. Calculate the greatest common factor of 96 and g.
6
Let o(p) = -136*p**2 + p + 3. Let z(k) = -271*k**2 + 2*k + 5. Let u(j) = 5*o(j) - 3*z(j). Let i be u(1). Calculate the highest common divisor of i and 33.
33
Suppose 3*x - 80 = 4*m, -x - 6*m + 18 = -3*m. What is the greatest common divisor of x and 12?
12
Let n(s) = s**2 - s - 1. Let d be n(3). Suppose o - d*o + 8 = 0. What is the greatest common divisor of o and 2?
2
Let k be 35 + -2 + 2 + -3. What is the highest common factor of k and 4?
4
Let y = 154 - 4. Suppose 0 = 5*l - 2*w - 239, 3*l - w = -2*w + y. Calculate the highest common divisor of l and 7.
7
Let c(t) = -t**3 - t**2 + t + 4. Let l be c(0). Calculate the highest common factor of 28 and l.
4
Suppose 0 = -4*x + 3*a + 40, -2*x + 2*a - 3*a + 10 = 0. Let u = x + -11. Let b = 19 + u. What is the greatest common divisor of 120 and b?
15
Suppose n + n - 160 = 0. Suppose 0 = 4*z - 4 - 4. Let q(b) = 7*b + 2. Let f be q(z). What is the greatest common factor of n and f?
16
Let d(y) = -9*y - 14. Let q be d(-4). What is the highest common divisor of q and 176?
22
Let k be (0 - (-13)/2)*-6. Suppose g + 0*j - 116 = 3*j, 2*j = -g + 121. Let d = k + g. Calculate the highest common factor of 32 and d.
16
Let h(n) = 17*n + 1. Let k be h(3). Calculate the highest common factor of 13 and k.
13
Let r = 93 + -86. What is the greatest common divisor of 3 and r?
1
Suppose 0 = 4*b - 2*r - 22, 3*b + 2*r - 5*r = 21. Let y = -2 + b. Let o be ((-2)/4)/(5/(-10)). Calculate the greatest common divisor of y and o.
1
Let b = 42 + -12. Let a be 0 + (29 - 2)/(-1). Let o be (-6)/a*b*3. Calculate the highest common divisor of 10 and o.
10
Let g be 2/6*(-21 - -213). Let m = 1 + 7. Calculate the highest common divisor of g and m.
8
Let m = 93 - 87. Calculate the greatest common divisor of m and 2.
2
Suppose -3*j + 25 = -4*g, 1 = -3*j + 4*j - 5*g. What is the greatest common factor of j and 44?
11
Let i(k) = k**2 - k - 3. Let u be i(-3). Calculate the greatest common factor of u and 36.
9
Let g(r) = -3*r**3 - 4*r**3 + 5*r**3 + 2*r**2 + 1 + 3*r**3. Let k be g(-2). Calculate the greatest common factor of 2 and k.
1
Let t(w) = -w + 4. Let n(s) = s + 2. Let q be n(-10). Let d be t(q). What is the greatest common factor of d and 8?
4
Suppose y = -2*z + 22 + 26, 0 = 4*y - 5*z - 140. Calculate the highest common factor of y and 5.
5
Let w(b) = -b**3 - 10*b**2 - 9*b + 20. Let i be w(-9). What is the highest common divisor of 60 and i?
20
Let r(t) = -2*t + 5. Let l be r(5). Let o be -30*(l - (-5 - -3)). Calculate the greatest common divisor of o and 10.
10
Let l be 7*(1 + -2) + 1. Let t = l - -13. What is the greatest common divisor of 56 and t?
7
Let c = -5 + 12. Let i be -1*(-2 - (c + -3)). Calculate the highest common divisor of 54 and i.
6
Let s = -124 + 89. Let t = 55 + s. What is the highest common divisor of 10 and t?
10
Suppose 3*d - j = j + 294, 204 = 2*d - 4*j. Let r(x) = 16*x**3 - x**2 + 1. Let t be r(1). What is the highest common factor of d and t?
16
Let g be 4/14 + (-270)/14. Let v = 37 + g. Calculate the greatest common divisor of v and 12.
6
Suppose -2*l - l - 36 = 0. Let q = -5 - l. What is the highest common divisor of q and 77?
7
Let d(o) = -o**2 + 2*o + 2. Let q be d(-2). Let c be (-8)/q - (-2)/(-6). Let s be c*3*2/3. What is the highest common factor of 22 and s?
2
Let g be 270/40 + 1/4. What is the highest common divisor of 56 and g?
7
Let q(i) = 44*i**3 + i**2. Let k be q(1). Let o = 24 + -9. What is the highest common divisor of k and o?
15
Suppose 2*k - 136 = 14. What is the highest common divisor of 50 and k?
25
Let y(t) = 37*t - 17. Let w be y(5). Calculate the highest common factor of 21 and w.
21
Let k be (-1 - -3) + (1 - -37). Suppose 4*a - o - 3*o - 68 = 0, k = 2*a - 4*o. Calculate the greatest common divisor of a and 42.
14
Let r be -2 + 0 - (1 + 51). Let g be 2/(-8) - r/24. Suppose -2*y + 4*q + 20 + 4 = 0, -q = g. What is the highest common divisor of y and 56?
8
Suppose 4*d = -m + 6*d + 41, d = 4. Let k be -20*(m/(-2))/7. Calculate the greatest common divisor of k and 10.
10
Suppose -4*u + h + 1121 = 0, -6*u = -5*u - 2*h - 282. Calculate the highest common factor of u and 35.
35
Let k = -28 - -59. Let s = 220 + -127. What is the greatest common factor of s and k?
31
Let i(r) = 4*r**2 + 5*r + 6. Let l be i(3). Suppose -5*v - 4*g = -35 - 159, -77 = -2*v - g. What is the greatest common factor of v and l?
19
Let l be 3/12 + (-259)/(-4). Suppose 140 = 2*f + 5*y, -5*y = f - 6*f + 315. Su